[INFO] cloning repository https://github.com/dyxushuai/mum
[INFO] running `Command { std: "git" "-c" "credential.helper=" "-c" "credential.helper=/workspace/cargo-home/bin/git-credential-null" "clone" "--bare" "https://github.com/dyxushuai/mum" "/workspace/cache/git-repos/https%3A%2F%2Fgithub.com%2Fdyxushuai%2Fmum", kill_on_drop: false }`
[INFO] [stderr] Cloning into bare repository '/workspace/cache/git-repos/https%3A%2F%2Fgithub.com%2Fdyxushuai%2Fmum'...
[INFO] running `Command { std: "git" "rev-parse" "HEAD", kill_on_drop: false }`
[INFO] [stdout] 9eb1c3fd1d1b029bd62f78f5bd51171d5126190b
[INFO] checking dyxushuai/mum against master#cfbc6d4cf1acbac5c025acf8ed68929caa551df3 for pr-75494-beta
[INFO] running `Command { std: "git" "clone" "/workspace/cache/git-repos/https%3A%2F%2Fgithub.com%2Fdyxushuai%2Fmum" "/workspace/builds/worker-0/source", kill_on_drop: false }`
[INFO] [stderr] Cloning into '/workspace/builds/worker-0/source'...
[INFO] [stderr] done.
[INFO] validating manifest of git repo https://github.com/dyxushuai/mum on toolchain cfbc6d4cf1acbac5c025acf8ed68929caa551df3
[INFO] running `Command { std: "/workspace/cargo-home/bin/cargo" "+cfbc6d4cf1acbac5c025acf8ed68929caa551df3" "read-manifest" "--manifest-path" "Cargo.toml", kill_on_drop: false }`
[INFO] started tweaking git repo https://github.com/dyxushuai/mum
[INFO] finished tweaking git repo https://github.com/dyxushuai/mum
[INFO] tweaked toml for git repo https://github.com/dyxushuai/mum written to /workspace/builds/worker-0/source/Cargo.toml
[INFO] crate git repo https://github.com/dyxushuai/mum already has a lockfile, it will not be regenerated
[INFO] running `Command { std: "/workspace/cargo-home/bin/cargo" "+cfbc6d4cf1acbac5c025acf8ed68929caa551df3" "fetch" "--locked" "--manifest-path" "Cargo.toml", kill_on_drop: false }`
[INFO] [stderr]     Updating git repository `https://github.com/pingcap/raft-rs.git`
[INFO] [stderr]  Downloading crates ...
[INFO] [stderr]   Downloaded bincode v1.0.0
[INFO] [stderr]   Downloaded tokio-threadpool v0.1.4
[INFO] [stderr]   Downloaded structopt v0.2.10
[INFO] [stderr]   Downloaded protoc-rust v2.0.2
[INFO] [stderr]   Downloaded syn v0.14.2
[INFO] [stderr]   Downloaded humantime v1.1.1
[INFO] [stderr]   Downloaded protoc-grpc v0.0.0
[INFO] [stderr]   Downloaded indexmap v1.0.1
[INFO] [stderr]   Downloaded crossbeam-epoch v0.4.3
[INFO] [stderr]   Downloaded fs2 v0.4.3
[INFO] [stderr]   Downloaded cmake v0.1.31
[INFO] [stderr]   Downloaded byteorder v1.2.3
[INFO] [stderr]   Downloaded env_logger v0.5.10
[INFO] [stderr]   Downloaded quick-error v0.2.2
[INFO] [stderr]   Downloaded tokio-io v0.1.7
[INFO] [stderr]   Downloaded serde_derive v1.0.66
[INFO] [stderr]   Downloaded grpcio v0.3.0
[INFO] [stderr]   Downloaded grpcio-compiler v0.3.0
[INFO] [stderr]   Downloaded tokio-reactor v0.1.2
[INFO] [stderr]   Downloaded log v0.4.2
[INFO] [stderr]   Downloaded nom v1.2.4
[INFO] [stderr]   Downloaded spin v0.4.8
[INFO] [stderr]   Downloaded protobuf-codegen v2.0.2
[INFO] [stderr]   Downloaded protoc v2.0.2
[INFO] [stderr]   Downloaded tokio-timer v0.2.4
[INFO] [stderr]   Downloaded protobuf v2.0.2
[INFO] [stderr]   Downloaded tokio-udp v0.1.1
[INFO] [stderr]   Downloaded structopt-derive v0.2.10
[INFO] [stderr]   Downloaded tokio-fs v0.1.1
[INFO] [stderr]   Downloaded tokio v0.1.7
[INFO] [stderr]   Downloaded bytes v0.4.8
[INFO] [stderr]   Downloaded tokio-codec v0.1.0
[INFO] [stderr]   Downloaded regex-syntax v0.6.1
[INFO] [stderr]   Downloaded prometheus v0.4.1
[INFO] [stderr]   Downloaded procinfo v0.3.1
[INFO] [stderr]   Downloaded protobuf v1.7.3
[INFO] [stderr]   Downloaded grpcio-sys v0.2.3
[INFO] running `Command { std: "docker" "create" "-v" "/var/lib/crater-agent-workspace/builds/worker-0/target:/opt/rustwide/target:rw,Z" "-v" "/var/lib/crater-agent-workspace/builds/worker-0/source:/opt/rustwide/workdir:ro,Z" "-v" "/var/lib/crater-agent-workspace/cargo-home:/opt/rustwide/cargo-home:ro,Z" "-v" "/var/lib/crater-agent-workspace/rustup-home:/opt/rustwide/rustup-home:ro,Z" "-e" "SOURCE_DIR=/opt/rustwide/workdir" "-e" "CARGO_TARGET_DIR=/opt/rustwide/target" "-e" "CARGO_HOME=/opt/rustwide/cargo-home" "-e" "RUSTUP_HOME=/opt/rustwide/rustup-home" "-w" "/opt/rustwide/workdir" "-m" "1610612736" "--user" "0:0" "--network" "none" "rustops/crates-build-env@sha256:a636fd89d022f18117e1dc8fb37a0a009933cdbbe082814857f0e2024962d47c" "/opt/rustwide/cargo-home/bin/cargo" "+cfbc6d4cf1acbac5c025acf8ed68929caa551df3" "metadata" "--no-deps" "--format-version=1", kill_on_drop: false }`
[INFO] [stdout] d64d07f3cc5c0a6ce397770d46796b9710565754d9bd33d27caeec69c0f967aa
[INFO] [stderr] WARNING: Your kernel does not support swap limit capabilities or the cgroup is not mounted. Memory limited without swap.
[INFO] running `Command { std: "docker" "start" "-a" "d64d07f3cc5c0a6ce397770d46796b9710565754d9bd33d27caeec69c0f967aa", kill_on_drop: false }`
[INFO] running `Command { std: "docker" "inspect" "d64d07f3cc5c0a6ce397770d46796b9710565754d9bd33d27caeec69c0f967aa", kill_on_drop: false }`
[INFO] running `Command { std: "docker" "rm" "-f" "d64d07f3cc5c0a6ce397770d46796b9710565754d9bd33d27caeec69c0f967aa", kill_on_drop: false }`
[INFO] [stdout] d64d07f3cc5c0a6ce397770d46796b9710565754d9bd33d27caeec69c0f967aa
[INFO] running `Command { std: "docker" "create" "-v" "/var/lib/crater-agent-workspace/builds/worker-0/target:/opt/rustwide/target:rw,Z" "-v" "/var/lib/crater-agent-workspace/builds/worker-0/source:/opt/rustwide/workdir:ro,Z" "-v" "/var/lib/crater-agent-workspace/cargo-home:/opt/rustwide/cargo-home:ro,Z" "-v" "/var/lib/crater-agent-workspace/rustup-home:/opt/rustwide/rustup-home:ro,Z" "-e" "SOURCE_DIR=/opt/rustwide/workdir" "-e" "CARGO_TARGET_DIR=/opt/rustwide/target" "-e" "CARGO_INCREMENTAL=0" "-e" "RUST_BACKTRACE=full" "-e" "RUSTFLAGS=--cap-lints=forbid" "-e" "CARGO_HOME=/opt/rustwide/cargo-home" "-e" "RUSTUP_HOME=/opt/rustwide/rustup-home" "-w" "/opt/rustwide/workdir" "-m" "1610612736" "--user" "0:0" "--network" "none" "rustops/crates-build-env@sha256:a636fd89d022f18117e1dc8fb37a0a009933cdbbe082814857f0e2024962d47c" "/opt/rustwide/cargo-home/bin/cargo" "+cfbc6d4cf1acbac5c025acf8ed68929caa551df3" "check" "--frozen" "--all" "--all-targets" "--message-format=json", kill_on_drop: false }`
[INFO] [stdout] 6e46b4bbb4e168af73fa490b22c22b21539cb5dfca0339ac632da46c123872a1
[INFO] [stderr] WARNING: Your kernel does not support swap limit capabilities or the cgroup is not mounted. Memory limited without swap.
[INFO] running `Command { std: "docker" "start" "-a" "6e46b4bbb4e168af73fa490b22c22b21539cb5dfca0339ac632da46c123872a1", kill_on_drop: false }`
[INFO] [stderr]     Checking libc v0.2.42
[INFO] [stderr]     Checking cfg-if v0.1.3
[INFO] [stderr]    Compiling protobuf v2.0.2
[INFO] [stderr]     Checking byteorder v1.2.3
[INFO] [stderr]     Checking futures v0.1.21
[INFO] [stderr]    Compiling cc v1.0.17
[INFO] [stderr]     Checking lazy_static v1.0.1
[INFO] [stderr]     Checking nodrop v0.1.12
[INFO] [stderr]    Compiling unicode-xid v0.1.0
[INFO] [stderr]     Checking lazycell v0.6.0
[INFO] [stderr]    Compiling unicode-xid v0.0.4
[INFO] [stderr]     Checking unicode-normalization v0.1.7
[INFO] [stderr]    Compiling remove_dir_all v0.5.1
[INFO] [stderr]    Compiling semver v0.1.20
[INFO] [stderr]     Checking slab v0.4.0
[INFO] [stderr]     Checking scopeguard v0.3.3
[INFO] [stderr]    Compiling quote v0.3.15
[INFO] [stderr]     Checking percent-encoding v1.0.1
[INFO] [stderr]     Checking void v1.0.2
[INFO] [stderr]    Compiling pkg-config v0.3.11
[INFO] [stderr]    Compiling serde v1.0.66
[INFO] [stderr]    Compiling protobuf v1.7.3
[INFO] [stderr]    Compiling regex v1.0.0
[INFO] [stderr]     Checking bitflags v1.0.3
[INFO] [stderr]     Checking rustc-serialize v0.3.24
[INFO] [stderr]     Checking rustc-demangle v0.1.8
[INFO] [stderr]     Checking httparse v1.2.4
[INFO] [stderr]     Checking utf8-ranges v1.0.0
[INFO] [stderr]     Checking language-tags v0.2.2
[INFO] [stderr]     Checking traitobject v0.0.1
[INFO] [stderr]     Checking typeable v0.1.2
[INFO] [stderr]     Checking spin v0.4.8
[INFO] [stderr]     Checking quick-error v0.2.2
[INFO] [stdout] error: the legacy LLVM-style asm! syntax is no longer supported
[INFO] [stdout]  --> /opt/rustwide/cargo-home/registry/src/github.com-1ecc6299db9ec823/spin-0.4.8/src/util.rs:8:14
[INFO] [stdout]   |
[INFO] [stdout] 8 |     unsafe { asm!("pause" :::: "volatile"); }
[INFO] [stdout]   |              ----^^^^^^^^^^^^^^^^^^^^^^^^^^
[INFO] [stdout]   |              |
[INFO] [stdout]   |              help: replace with: `llvm_asm!`
[INFO] [stdout]   |
[INFO] [stdout]   = note: consider migrating to the new asm! syntax specified in RFC 2873
[INFO] [stdout]   = note: alternatively, switch to llvm_asm! to keep your code working as it is
[INFO] [stdout] 
[INFO] [stdout] 
[INFO] [stdout] error[E0554]: `#![feature]` may not be used on the beta release channel
[INFO] [stdout]  --> /opt/rustwide/cargo-home/registry/src/github.com-1ecc6299db9ec823/spin-0.4.8/src/lib.rs:6:30
[INFO] [stdout]   |
[INFO] [stdout] 6 | #![cfg_attr(feature = "asm", feature(asm))]
[INFO] [stdout]   |                              ^^^^^^^^^^^^
[INFO] [stdout] 
[INFO] [stdout] 
[INFO] [stdout] error[E0554]: `#![feature]` may not be used on the beta release channel
[INFO] [stdout]  --> /opt/rustwide/cargo-home/registry/src/github.com-1ecc6299db9ec823/spin-0.4.8/src/lib.rs:7:42
[INFO] [stdout]   |
[INFO] [stdout] 7 | #![cfg_attr(feature = "core_intrinsics", feature(core_intrinsics))]
[INFO] [stdout]   |                                          ^^^^^^^^^^^^^^^^^^^^^^^^
[INFO] [stdout] 
[INFO] [stdout] 
[INFO] [stdout] error[E0554]: `#![feature]` may not be used on the beta release channel
[INFO] [stdout]  --> /opt/rustwide/cargo-home/registry/src/github.com-1ecc6299db9ec823/spin-0.4.8/src/lib.rs:8:35
[INFO] [stdout]   |
[INFO] [stdout] 8 | #![cfg_attr(feature = "const_fn", feature(const_fn, const_unsafe_cell_new, const_atomic_usize_new))]
[INFO] [stdout]   |                                   ^^^^^^^^^^^^^^^^^^^^^^^^^^^^^^^^^^^^^^^^^^^^^^^^^^^^^^^^^^^^^^^^
[INFO] [stdout] 
[INFO] [stdout] 
[INFO] [stdout] error: aborting due to 4 previous errors
[INFO] [stdout] 
[INFO] [stdout] 
[INFO] [stdout] For more information about this error, try `rustc --explain E0554`.
[INFO] [stdout] 
[INFO] [stderr]     Checking lazy_static v0.2.11
[INFO] [stderr] error: could not compile `spin`.
[INFO] [stderr] 
[INFO] [stderr] To learn more, run the command again with --verbose.
[INFO] [stderr] warning: build failed, waiting for other jobs to finish...
[INFO] [stderr] error: build failed
[INFO] running `Command { std: "docker" "inspect" "6e46b4bbb4e168af73fa490b22c22b21539cb5dfca0339ac632da46c123872a1", kill_on_drop: false }`
[INFO] running `Command { std: "docker" "rm" "-f" "6e46b4bbb4e168af73fa490b22c22b21539cb5dfca0339ac632da46c123872a1", kill_on_drop: false }`
[INFO] [stdout] 6e46b4bbb4e168af73fa490b22c22b21539cb5dfca0339ac632da46c123872a1
